9)/(27/a). Calculate the remainder when (-4)/(-12) + (-4)/((-12)/c) is divided by 29.
25
Let w(q) = 76*q**2 - 434*q + 1723. Calculate the remainder when w(4) is divided by 301.
300
Let t = 40 + 0. Suppose -3*a - 300 = -5*y, -t - 32 = -y + 3*a. Suppose 5*j - 28 = y. What is the remainder when 33 is divided by j?
16
Let i(t) = -2*t**3 + 41*t**2 - 182*t - 25. Calculate the remainder when 1407 is divided by i(7).
15
Suppose -1016 = -2*t + 2*o - 388, 5*o = 15. Calculate the remainder when t is divided by 81.
74
Let b = 1326 + -440. Calculate the remainder when b is divided by 127.
124
Suppose 14*m - 309*m = -199715. What is the remainder when m is divided by 36?
29
What is the remainder when 173 is divided by (-2)/((6/(-272))/((-9)/(-6)))?
37
Let t(b) = -32*b + 31*b + 2 + 67*b**2 - 70*b**2. What is the remainder when 96 is divided by t(0)?
0
Let k be (-4)/(-14) + 240/42. Let n be (-114)/(-18) + 1 + (-8)/k. Suppose n*i + 179 = 467. What is the remainder when i is divided by 25?
23
Suppose 35*t - 91*t = -32*t - 962136. What is the remainder when t is divided by 26?
23
Suppose 3*y + 5 - 17 = -i, 2*i - 2*y = -8. Suppose -2*k = 3*a - 47, -1 = -k - i. Suppose 0 = -5*f + 60 + a. Calculate the remainder when f is divided by 7.
1
Let k(m) = -15*m**2 + 39*m**2 + m**3 + 1 - 22*m**2 - 6*m. Let v be k(-4). Calculate the remainder when 33 + (2/3)/(v/(-21)) is divided by 9.
8
Let o(u) = u**3 - 13*u**2 + 21*u + 23. Calculate the remainder when (-6)/8 + 429/12 is divided by o(11).
11
Suppose 0 = -8*o - 827 - 1509. Let g = -183 - 1. Let d = g - o. Calculate the remainder when d is divided by 22.
20
Calculate the remainder when 380 is divided by (-4620)/(-1485) + ((-10)/35 - 11/(-63)).
2
Let g = -107 + 111. Suppose -4*f + 5 = -l - 44, g*l = 2*f - 28. Calculate the remainder when 56 is divided by f.
8
Let f = 1867 - 965. Calculate the remainder when f is divided by 100.
2
Suppose -b + 2*c + 11 = 3, 2*b = c + 19. What is the remainder when 1 - -3 - (-93)/1 is divided by b?
7
Suppose 28*l - 27*l = 268. Let n = 6 - -9. What is the remainder when (-67)/l - (-1 - (-293)/(-4)) is divided by n?
14
Let x = 23961 + -23747. What is the remainder when x is divided by 61?
31
Suppose 21 = 2*k - 3. Suppose 0 = h - 282*w + 278*w - 514, w = -2*h + 965. Calculate the remainder when h is divided by k.
6
Let t(b) = -b**3 + 50*b**2 + 63*b - 414. Let s be t(51). Suppose 0*m + 12 = 2*m. Calculate the remainder when (-2*(-2)/m)/(12/s) is divided by 3.
2
Suppose -64135 = 40*i + 20825. Let u = -1310 - i. What is the remainder when u is divided by 43?
40
Suppose 69*c - 73*c - 528 = 0. Let u = 143 + c. Suppose -388 = -0*p - 4*p. Calculate the remainder when p is divided by u.
9
Let l(a) = 63*a + 87. Let d be l(-7). Let q = 389 + d. Calculate the remainder when 277 is divided by q.
32
Suppose -13*m + 23430 = 20*m + 7029. Calculate the remainder when m is divided by 36.
29
Let y(q) = -6*q**2 + 23*q - 140. Let c be y(12). Let j = c + 753. Calculate the remainder when 49 is divided by j.
24
Let x be -2 + -1 - (-7 - -2). Suppose 3*a = x*z - 72, 18 = z + 4*a - a. What is the remainder when 115 is divided by z?
25
Let z = -5314 - -6688. Calculate the remainder when z is divided by 25.
24
Suppose -5*n + 1150 = 5*b - 0*b, 2*n = -3*b + 686. Let o = 218 + -157. What is the remainder when b is divided by o?
43
Let w = 1107 - 1037. What is the remainder when 3569 is divided by w?
69
Let t = -6372 - -6606. Calculate the remainder when t is divided by 86.
62
Let w(n) = -3*n**2 - 3*n. Let j be w(-2). Let s(i) = -2*i + 1. Calculate the remainder when s(j) is divided by (-30)/170 + (-518)/(-238).
1
Let p = 106 - -9. Suppose p*l - 34*l = 1782. Let k = -62 - -105. Calculate the remainder when k is divided by l.
21
Suppose 27309 = t - 2*q, -1114*q + 1119*q - 27358 = -t. What is the remainder when t is divided by 46?
45
Let f(v) = 3*v**2 - 7*v + 3. Let z be f(5). Let j = 93 - z. Calculate the remainder when (-132)/1650 - (-4804)/50 is divided by j.
46
Suppose -4*o + 740 = -0*o. Let k(i) = 64*i**3 + 17*i - 18. Calculate the remainder when o is divided by k(1).
59
Let n = 15219 - 15167. What is the remainder when n is divided by (-6)/4 + 37/2?
1
Let o(n) = -2*n**2 - 25*n - 20. Let s be o(-11). Suppose -s*k + 2*k = -638. What is the remainder when k is divided by 55?
3
Suppose 70 = 11*c - 6*c. Let y(m) = -12*m**3 - 1. Let a be y(-1). Suppose 8*f + 114 = a*f. What is the remainder when f is divided by c?
10
Let w(f) = -2*f + 7. Let o be w(-6). Suppose 0*u + o = u. Let g = 2 + u. What is the remainder when 80 is divided by g?
17
Suppose 5*j - f - 207 = 0, 5*j = 5*f + 164 + 31. Let a = -670 + 637. Let d = a + j. What is the remainder when 32 is divided by d?
5
Let d(q) = 6*q**3 + 35*q**2 + 18*q + 5. What is the remainder when ((-48)/20)/(3*3/(-330)) is divided by d(-5)?
8
Suppose 4*f - 2*i - 2*i - 148 = 0, f - 4*i = 52. Let j(r) = r**2 + 36*r + 401. What is the remainder when j(-30) is divided by f?
29
Let r be (-12 - (0 + -1)) + 1 + -2. Calculate the remainder when -101*(2 + 28/r)*3 is divided by 55.
46
Suppose 23132 = 164*c + 135*c - 1386. Calculate the remainder when c is divided by (-5 - -1) + 1 - -39.
10
Let t(c) = c + 12. Let p be t(-8). Suppose 0*a - h + 1429 = 3*a, p*h = -5*a + 2384. Calculate the remainder when ((-3)/(-12)*14)/(14/a) is divided by 30.
29
Suppose 3*v - 14183 = v - 4165. Calculate the remainder when v is divided by 20.
9
Suppose 140 + 424 = 4*m. Let z = m - 77. Suppose 90 = -58*b + z*b. Calculate the remainder when 102 is divided by b.
12
Let g(l) = 9*l - 4. Let k(c) = -c**3 - 9*c**2 - 24*c - 8. Let z be ((-7)/(-4))/((-17)/68). What is the remainder when k(z) is divided by g(4)?
30
Suppose -5*s = d - 20, 3*d = 5*s + 8*d. Let h be (0 - 1)/(0 - s/75). Suppose 0 = 16*f - h*f - 28. Calculate the remainder when 111 is divided by f.
27
Let u be (-25)/10*(5 + -1) - -5. Calculate the remainder when (u - (-177)/11)*11 is divided by 60.
2
Let l(x) = x**2 + 3*x + 4. Let j be l(-2). Suppose j*k + 1 = -u + 6*u, 0 = u + 1. What is the remainder when (-1122)/(-24) + k/4 is divided by 18?
10
What is the remainder when 16*15/240*1283 is divided by 317?
15
Let x = -1850 + 2256. Calculate the remainder when x is divided by 192.
22
Let a be 0 + 4 - (-16 - (-4 - -3)). Suppose a*w + 71 - 907 = 0. What is the remainder when 153 is divided by w?
21
Let a(p) = 15*p**2 - 12*p. Let u be a(4). Suppose -32 = -8*k + u. What is the remainder when 223 is divided by k?
27
Let j(d) = -d - 1. Let o(l) = 8*l + 213. Let n(t) = 2*j(t) + o(t). Calculate the remainder when n(-29) is divided by 7.
2
Let f(q) = 5*q**3 + 124*q**2 + 65*q - 45. Calculate the remainder when 1401 is divided by f(-24).
3
Suppose 5323*f - 400 = 5307*f. What is the remainder when 129 is divided by f?
4
Let b = -371 + 376. Suppose -b*t - 4*f = -163, 0 = -5*f + 2*f - 9. Calculate the remainder when t is divided by 38/(-10)*(-35)/7.
16
Let p = 14151 - 14031. What is the remainder when p is divided by 22?
10
Let o(i) = 2*i**2 - i - 20. Let z be o(-5). Suppose z = 9*q - 793. Calculate the remainder when q is divided by 40.
12
Let p(c) = -c + 13. Let z be p(7). Suppose -201 = -z*k + 249. What is the remainder when k is divided by (-6)/(-8)*(-1 - -37)?
21
Let t be 3/(1/1*1). Let z = 1959 - 1871. Suppose t*g - 122 = z. What is the remainder when g is divided by 9?
7
Suppose 741*u - 740*u - 2*a - 580 = 0, -3*a = -3*u + 1722. Calculate the remainder when u is divided by 44.
40
Let c = -310 - -319. Calculate the remainder when 35 is divided by c/((-27)/(-12)) + 4.
3
Let v(k) = 3439*k - 3433. What is the remainder when 1244 is divided by v(1)?
2
Let w(a) = 5*a**2 + 36*a + 25. Let c be w(-8). Suppose -c*z + 2555 = -2176. What is the remainder when z is divided by 23?
14
Suppose -44 - 5595 - 5071 = -153*s. What is the remainder when 0 - (-153 - -2) - 1 is divided by s?
10
Let a = -4101 + 4307. What is the remainder when a is divided by 9?
8
Let o(x) = 2*x + 10. Let w(d) = d - 1. Let u(z) = o(z) - 3*w(z). Suppose 4*v = -4*p, -v - 4*p - 5 = 1. Calculate the remainder when u(6) is divided by v.
1
Suppose -158*a = -147*a - 55. Let w = -81 - -126. Calculate the remainder when w is divided by a.
0
Suppose 2*s + 4*i - 1970 = 0, -4*i + 0*i = s - 985. What is the remainder when s i